{"id":199,"date":"2017-08-31T23:36:14","date_gmt":"2017-09-01T02:36:14","guid":{"rendered":"http:\/\/www.idstudio.art.br\/clientes\/agasscom\/?page_id=199"},"modified":"2017-11-13T00:20:05","modified_gmt":"2017-11-13T02:20:05","slug":"escola-eagle-eyes-para-juizes-de-ornitologia","status":"publish","type":"page","link":"https:\/\/agasscom.org\/site\/pt\/coordenacao\/escola-eagle-eyes-para-juizes-de-ornitologia\/","title":{"rendered":"Escola Eagle Eyes para Ju\u00edzes de Ornitologia"},"content":{"rendered":"<p><img loading=\"lazy\" decoding=\"async\" class=\"alignleft size-full wp-image-257\" src=\"https:\/\/agasscom.org\/site\/wp-content\/uploads\/eagles_eyes_220.png\" alt=\"Eagle Eyes\" width=\"189\" height=\"220\" \/><\/p>\n<p>A AGASSCOM \u00e9 a primeira Institui\u00e7\u00e3o Confederativa independente de peritos para aves do g\u00eanero Agapornis. Foi criada especialmente para desenvolver, ampliar e estimular o interesse na cria\u00e7\u00e3o e em t\u00e9cnicas de julgamento de Agapornis para Exibi\u00e7\u00e3o e Competi\u00e7\u00f5es por interm\u00e9dio da primeira escola para ju\u00edzes de exibi\u00e7\u00f5es ornitol\u00f3gicas.<\/p>\n<p>A Escola <strong>Eagle Eyes <\/strong>foi concebida para preparar e educar ju\u00edzes tanto na sua forma\u00e7\u00e3o \u00e9tica no que diz respeito ao bem-estar das aves como tamb\u00e9m em treinar sua capacidade e acuidade visual de observar as aves para estarem aptos a uma an\u00e1lise cr\u00edtica justa para fins de exibi\u00e7\u00f5es competitivas. Nossa principal miss\u00e3o reside em desenvolver a capacidade de observa\u00e7\u00e3o anal\u00edtica precisa dos nossos alunos.<\/p>\n<p>O curso para ju\u00edzes abrange de 2 a 4 anos de aulas te\u00f3ricas e pr\u00e1ticas e pode ser feito por qualquer um em qualquer lugar do mundo pela Internet com discuss\u00f5es em chats, formul\u00e1rios de Perguntas e Respostas, exames, fotos, pr\u00e1tica em campo e experi\u00eancia direta em exibi\u00e7\u00f5es coordenadas e orientadas \u00e0 dist\u00e2ncia.<\/p>\n<h2>Curso de gradua\u00e7\u00e3o<\/h2>\n<p>Dura\u00e7\u00e3o de 2 a 4 anos. Durante o curso, o aluno recebe o t\u00edtulo provis\u00f3rio de Eagle Eyes Assistant Trainee, ou seja, de Assistente em Treinamento da Eagle Eyes.<\/p>\n<p>Ap\u00f3s ser aprovado nos 3 exames finais (oral, escrito e pr\u00e1tico) ele\/ela receber\u00e1 o t\u00edtulo definitivo de Eagle Eyes Assistant Judge, ou seja, de Juiz Assistente da Eagle Eyes.<\/p>\n<p>A aprova\u00e7\u00e3o n\u00e3o \u00e9 autom\u00e1tica, o que significa que caso o aluno n\u00e3o demonstre aptid\u00e3o durante o curso ou demonstre n\u00e3o ter assimilado os conceitos nos exames finais com a necess\u00e1ria acuidade visual em suas observa\u00e7\u00f5es como juiz, ele\/ela n\u00e3o ser\u00e1 aprovado.<\/p>\n<p>Uma pontua\u00e7\u00e3o final que habilite o aluno a se graduar s\u00f3 poder\u00e1 ocorrer ap\u00f3s ele\/ela ter completado com sucesso uma sess\u00e3o presencial com exames orais, escritos e pr\u00e1ticos em pelo menos tr\u00eas ocasi\u00f5es diferentes em qualquer parte do mundo. Todas as despesas para tais viagens correr\u00e3o por conta do aluno.<\/p>\n<p>Completar o curso com sucesso depende naturalmente da habilidade do aluno e dos resultados comprovados segundo os crit\u00e9rios de capacidade de observa\u00e7\u00e3o da Escola <strong>Eagle Eyes<\/strong>.<\/p>\n<p>Todo o treinamento, curso, testes e exames finais, bem como as atividades pr\u00e1ticas ser\u00e3o aplicados e supervisionados pelo Dr. Alessandro D\u2019Angieri, juiz de renome internacional, Presidente e Juiz S\u00eanior \u00e0 frente da <strong>Eagle Eyes School for Ornithology Judges.<\/strong><\/p>\n","protected":false},"excerpt":{"rendered":"<p>A AGASSCOM \u00e9 a primeira Institui\u00e7\u00e3o Confederativa independente de peritos para aves do g\u00eanero Agapornis. Foi criada especialmente para desenvolver, ampliar e estimular o interesse na cria\u00e7\u00e3o e em t\u00e9cnicas de julgamento de Agapornis para Exibi\u00e7\u00e3o e Competi\u00e7\u00f5es por interm\u00e9dio da primeira escola para ju\u00edzes de exibi\u00e7\u00f5es ornitol\u00f3gicas. A Escola Eagle Eyes foi concebida para [&hellip;]<\/p>\n","protected":false},"author":1,"featured_media":0,"parent":265,"menu_order":15,"comment_status":"closed","ping_status":"closed","template":"","meta":{"_acf_changed":false,"footnotes":"","_links_to":"","_links_to_target":""},"class_list":["post-199","page","type-page","status-publish","hentry"],"acf":[],"_links":{"self":[{"href":"https:\/\/agasscom.org\/site\/wp-json\/wp\/v2\/pages\/199","targetHints":{"allow":["GET"]}}],"collection":[{"href":"https:\/\/agasscom.org\/site\/wp-json\/wp\/v2\/pages"}],"about":[{"href":"https:\/\/agasscom.org\/site\/wp-json\/wp\/v2\/types\/page"}],"author":[{"embeddable":true,"href":"https:\/\/agasscom.org\/site\/wp-json\/wp\/v2\/users\/1"}],"replies":[{"embeddable":true,"href":"https:\/\/agasscom.org\/site\/wp-json\/wp\/v2\/comments?post=199"}],"version-history":[{"count":1,"href":"https:\/\/agasscom.org\/site\/wp-json\/wp\/v2\/pages\/199\/revisions"}],"predecessor-version":[{"id":748,"href":"https:\/\/agasscom.org\/site\/wp-json\/wp\/v2\/pages\/199\/revisions\/748"}],"up":[{"embeddable":true,"href":"https:\/\/agasscom.org\/site\/wp-json\/wp\/v2\/pages\/265"}],"wp:attachment":[{"href":"https:\/\/agasscom.org\/site\/wp-json\/wp\/v2\/media?parent=199"}],"curies":[{"name":"wp","href":"https:\/\/api.w.org\/{rel}","templated":true}]}}