{"id":251,"date":"2017-09-01T18:30:48","date_gmt":"2017-09-01T21:30:48","guid":{"rendered":"http:\/\/www.idstudio.art.br\/clientes\/agasscom\/?page_id=251"},"modified":"2017-11-13T00:20:47","modified_gmt":"2017-11-13T02:20:47","slug":"coordenador-geral","status":"publish","type":"page","link":"https:\/\/agasscom.org\/site\/pt\/coordenacao\/coordenador-geral\/","title":{"rendered":"Coordenador Geral"},"content":{"rendered":"<table>\n<tbody>\n<tr>\n<td style=\"width: 33.3333%; vertical-align: top;\"><img loading=\"lazy\" decoding=\"async\" class=\"size-full wp-image-72 alignnone\" src=\"https:\/\/agasscom.org\/site\/wp-content\/uploads\/author1.jpg\" alt=\"Dr. Alessandro D'Angieri\" width=\"409\" height=\"489\" \/><\/td>\n<td style=\"vertical-align: top;\">\n<p>Dr. Alessandro D\u2019Angieri \u00e9 o fundador e Diretor-Presidente da AGASSCOM-WAC e da Escola Eagle Eyes para Ju\u00edzes de Ornitologia e juiz de renome internacional.<\/p>\n<p>Ele \u00e9 tamb\u00e9m Juiz S\u00eanior \u00e0 frente da Escola Eagle Eyes para Ju\u00edzes de Ornitologia.<\/td>\n<\/tr>\n<\/tbody>\n<\/table>\n<h2>Alguns fatos interessantes sobre o Dr. D\u2019Angieri<\/h2>\n<table cellspacing=\"10\" cellpadding=\"10\">\n<tbody>\n<tr>\n<td style=\"width: 60%; vertical-align: top;\">\n<p>Alessandro D\u2019Angieri, m\u00e9dico por profiss\u00e3o, entusiasta por p\u00e1ssaros desde a inf\u00e2ncia e ornit\u00f3logo por paix\u00e3o, pesquisador colaborador do Departamento de Zoologia da UNICAMP \u2013 Universidade Estadual de Campinas, Brasil.<\/p>\n<p>Ele se dedica ao estudo e desenvolvimento dos padr\u00f5es de Agapornis desde 1990 e \u00e9 um Juiz Internacional de Ornitologia aprovado em 2002 pela C.O.M. (Confederation Ornithologique Mondiale) e autor do \u00fanico livro sobre t\u00e9cnicas de julgamento de Agapornis no mundo, a Enciclop\u00e9dia dos Agapornis (<a href=\"http:\/\/www.theencyclopediaoflovebirds.com\">www.theencyclopediaoflovebirds.com<\/a>).<\/td>\n<td style=\"width: 40%; text-align: right; vertical-align: top;\"><img loading=\"lazy\" decoding=\"async\" class=\"size-medium wp-image-74 alignnone\" src=\"https:\/\/agasscom.org\/site\/wp-content\/uploads\/author3-394x500.jpg\" alt=\"Dr. Alessandro D'Angieri\" width=\"394\" height=\"500\" srcset=\"https:\/\/agasscom.org\/site\/wp-content\/uploads\/author3-394x500.jpg 394w, https:\/\/agasscom.org\/site\/wp-content\/uploads\/author3.jpg 599w\" sizes=\"auto, (max-width: 394px) 100vw, 394px\" \/><\/td>\n<\/tr>\n<\/tbody>\n<\/table>\n<table cellspacing=\"10\" cellpadding=\"10\">\n<tbody>\n<tr>\n<td style=\"width: 40%; vertical-align: top;\"><img loading=\"lazy\" decoding=\"async\" class=\"alignnone size-full wp-image-73\" src=\"https:\/\/agasscom.org\/site\/wp-content\/uploads\/author2.jpg\" alt=\"Dr. Alessandro D'Angieri\" width=\"381\" height=\"373\" \/><\/td>\n<td style=\"width: 60%; vertical-align: top;\">\n<p>Sua ampla experi\u00eancia em cursos e treinamento para ju\u00edzes possui os seguintes destaques:<\/p>\n<p>2015 \u2013 Exibi\u00e7\u00e3o de Agapornis de Bahrein \u2013 Curso de Treinamento e Supervis\u00e3o para Ju\u00edzes na cidade de Manama \u2013 Bahrein<\/p>\n<p>2013 \u2013 Curso para Ju\u00edzes e Treinamento na FOA (Federa\u00e7\u00e3o de Ornitologia da Argentina)<\/p>\n<p>2002-2014 \u2013 5 Campeonatos Mundiais COM na Am\u00e9rica do Sul<\/p>\n<p>1998-2014 \u2013 19 anos treinando ju\u00edzes e ministrando cursos anuais e exames em exibi\u00e7\u00f5es nacionais na FOB (Federa\u00e7\u00e3o Brasileira de Avicultura)<\/p>\n<p>Mais de 200 julgamentos regionais em Clubes e Associa\u00e7\u00f5es do Brasil<\/p>\n<p>15 Exibi\u00e7\u00f5es nacionais no Brasil como Juiz Principal da Diretoria<\/td>\n<\/tr>\n<\/tbody>\n<\/table>\n<p><\/p>\n","protected":false},"excerpt":{"rendered":"<p>Dr. Alessandro D\u2019Angieri \u00e9 o fundador e Diretor-Presidente da AGASSCOM-WAC e da Escola Eagle Eyes para Ju\u00edzes de Ornitologia e juiz de renome internacional. Ele \u00e9 tamb\u00e9m Juiz S\u00eanior \u00e0 frente da Escola Eagle Eyes para Ju\u00edzes de Ornitologia. Alguns fatos interessantes sobre o Dr. D\u2019Angieri Alessandro D\u2019Angieri, m\u00e9dico por profiss\u00e3o, entusiasta por p\u00e1ssaros desde [&hellip;]<\/p>\n","protected":false},"author":1,"featured_media":0,"parent":265,"menu_order":5,"comment_status":"closed","ping_status":"closed","template":"","meta":{"_acf_changed":false,"footnotes":"","_links_to":"","_links_to_target":""},"class_list":["post-251","page","type-page","status-publish","hentry"],"acf":[],"_links":{"self":[{"href":"https:\/\/agasscom.org\/site\/wp-json\/wp\/v2\/pages\/251","targetHints":{"allow":["GET"]}}],"collection":[{"href":"https:\/\/agasscom.org\/site\/wp-json\/wp\/v2\/pages"}],"about":[{"href":"https:\/\/agasscom.org\/site\/wp-json\/wp\/v2\/types\/page"}],"author":[{"embeddable":true,"href":"https:\/\/agasscom.org\/site\/wp-json\/wp\/v2\/users\/1"}],"replies":[{"embeddable":true,"href":"https:\/\/agasscom.org\/site\/wp-json\/wp\/v2\/comments?post=251"}],"version-history":[{"count":1,"href":"https:\/\/agasscom.org\/site\/wp-json\/wp\/v2\/pages\/251\/revisions"}],"predecessor-version":[{"id":678,"href":"https:\/\/agasscom.org\/site\/wp-json\/wp\/v2\/pages\/251\/revisions\/678"}],"up":[{"embeddable":true,"href":"https:\/\/agasscom.org\/site\/wp-json\/wp\/v2\/pages\/265"}],"wp:attachment":[{"href":"https:\/\/agasscom.org\/site\/wp-json\/wp\/v2\/media?parent=251"}],"curies":[{"name":"wp","href":"https:\/\/api.w.org\/{rel}","templated":true}]}}