{"id":339,"date":"2017-09-04T14:17:38","date_gmt":"2017-09-04T17:17:38","guid":{"rendered":"http:\/\/www.idstudio.art.br\/clientes\/agasscom\/?page_id=339"},"modified":"2019-04-11T11:11:59","modified_gmt":"2019-04-11T14:11:59","slug":"informativo-agasscom-news","status":"publish","type":"page","link":"https:\/\/agasscom.org\/site\/pt\/membros\/informativo-agasscom-news\/","title":{"rendered":"Informativo AGASSCOM News"},"content":{"rendered":"<div class=\"newsletter_about\">\n<h2 class=\"info\">Assine nosso informativo AGASSCOM NEWS<\/h2>\n<p>O informativo <strong>AGASSCOM NEWS<\/strong> \u00e9 uma publica\u00e7\u00e3o internacional sobre o fascinante universo dos Agapornis. Ele \u00e9 publicado mensalmente em formato PDF (contendo de 10-12 p\u00e1ginas) para download nos dois idiomas, Ingl\u00eas e Portugu\u00eas do Brasil, como edi\u00e7\u00f5es separadas. Voc\u00ea pode assinar esta publica\u00e7\u00e3o original de qualquer lugar do mundo.<\/p>\n<p>Clique em assinar para escolher sua op\u00e7\u00e3o de assinatura e acompanhe os desenvolvimentos mais recentes nas \u00e1reas de padr\u00f5es, muta\u00e7\u00f5es, gen\u00e9tica, novas cores em estudo e mais, recebendo o informativo diretamente por e-mail a cada nova edi\u00e7\u00e3o de forma c\u00f4moda e \u00e1gil.<\/p>\n<p>Ao assinar a <strong>AGASSCOM NEWS<\/strong> voc\u00ea se torna automaticamente um criador <strong>AGASSCOM-WAC<\/strong>! Desfrute dos benef\u00edcios de receber mensalmente nosso informativo em PDF.<\/p>\n<p class=\"r\" style=\"text-align: right;\"><button type=\"button\" class=\"button\" data-toggle=\"modal\" data-target=\"newsletter\">Saiba mais sobre ser um criador AGASSCOM-WAC<\/button> <button type=\"button\" class=\"button\" data-toggle=\"modal\" data-target=\"membership_form\" data-complete=\"selecionarTipo(&#039;newsletter&#039;)\">Assinar agora<\/button><\/p>\n<p><a href=\"https:\/\/agasscom.org\/site\/wp-content\/uploads\/agasscom-news\/ED1-agasscom-news-PORTUGUES.pdf\" target=\"_blank\" rel=\"noopener\">Acesse gratuitamente aqui<\/a> a edi\u00e7\u00e3o zero de estreia da <strong>AGASSCOM NEWS<\/strong>!<\/p>\n<p>Voc\u00ea tamb\u00e9m pode adquirir edi\u00e7\u00f5es individuais abaixo.<\/p>\n<\/div>\n","protected":false},"excerpt":{"rendered":"<p>Assine nosso informativo AGASSCOM NEWS O informativo AGASSCOM NEWS \u00e9 uma publica\u00e7\u00e3o internacional sobre o fascinante universo dos Agapornis. Ele \u00e9 publicado mensalmente em formato PDF (contendo de 10-12 p\u00e1ginas) para download nos dois idiomas, Ingl\u00eas e Portugu\u00eas do Brasil, como edi\u00e7\u00f5es separadas. Voc\u00ea pode assinar esta publica\u00e7\u00e3o original de qualquer lugar do mundo. Clique [&hellip;]<\/p>\n","protected":false},"author":1,"featured_media":0,"parent":709,"menu_order":10,"comment_status":"closed","ping_status":"closed","template":"template-revista.php","meta":{"_acf_changed":false,"footnotes":"","_links_to":"","_links_to_target":""},"class_list":["post-339","page","type-page","status-publish","hentry"],"acf":[],"_links":{"self":[{"href":"https:\/\/agasscom.org\/site\/wp-json\/wp\/v2\/pages\/339","targetHints":{"allow":["GET"]}}],"collection":[{"href":"https:\/\/agasscom.org\/site\/wp-json\/wp\/v2\/pages"}],"about":[{"href":"https:\/\/agasscom.org\/site\/wp-json\/wp\/v2\/types\/page"}],"author":[{"embeddable":true,"href":"https:\/\/agasscom.org\/site\/wp-json\/wp\/v2\/users\/1"}],"replies":[{"embeddable":true,"href":"https:\/\/agasscom.org\/site\/wp-json\/wp\/v2\/comments?post=339"}],"version-history":[{"count":6,"href":"https:\/\/agasscom.org\/site\/wp-json\/wp\/v2\/pages\/339\/revisions"}],"predecessor-version":[{"id":1202,"href":"https:\/\/agasscom.org\/site\/wp-json\/wp\/v2\/pages\/339\/revisions\/1202"}],"up":[{"embeddable":true,"href":"https:\/\/agasscom.org\/site\/wp-json\/wp\/v2\/pages\/709"}],"wp:attachment":[{"href":"https:\/\/agasscom.org\/site\/wp-json\/wp\/v2\/media?parent=339"}],"curies":[{"name":"wp","href":"https:\/\/api.w.org\/{rel}","templated":true}]}}