{"id":799,"date":"2017-11-13T04:58:41","date_gmt":"2017-11-13T06:58:41","guid":{"rendered":"http:\/\/agasscom.org\/site\/?page_id=799"},"modified":"2017-11-13T04:58:41","modified_gmt":"2017-11-13T06:58:41","slug":"grupo-6-agapornis-taranta","status":"publish","type":"page","link":"https:\/\/agasscom.org\/site\/pt\/padroes-e-nomenclatura\/mutacoes-originais\/grupo-6-agapornis-taranta\/","title":{"rendered":"GRUPO 6 \u2013 Agapornis taranta"},"content":{"rendered":"<table class=\"col1-esq col2-esq\">\n<thead>\n<tr>\n<th>FATOR ORIGINAL nomes internacionais<\/th>\n<th>NOMES LOCO REGIONAIS<\/th>\n<th>gene selvagem<\/th>\n<th>gene mutante<\/th>\n<th>simbolo gen\u00e9tico<\/th>\n<th>heran\u00e7a<\/th>\n<\/tr>\n<\/thead>\n<tbody>\n<tr>\n<td>azul<\/td>\n<td>azul<\/td>\n<td>B<\/td>\n<td>b<\/td>\n<td>b<\/td>\n<td>AR<\/td>\n<\/tr>\n<tr>\n<td>amarelo<\/td>\n<td>amarelo<\/td>\n<td>Y<\/td>\n<td>y<\/td>\n<td>y<\/td>\n<td>AR<\/td>\n<\/tr>\n<tr>\n<td>p\u00e1lido<\/td>\n<td>p\u00e1lido<\/td>\n<td>P<\/td>\n<td>p<\/td>\n<td>pd<\/td>\n<td>SLR<\/td>\n<\/tr>\n<tr>\n<td>cinza<\/td>\n<td>cinza<\/td>\n<td>g<\/td>\n<td>G<\/td>\n<td>GR<\/td>\n<td>AD<\/td>\n<\/tr>\n<\/tbody>\n<\/table>\n<p><\/p>\n","protected":false},"excerpt":{"rendered":"<p>FATOR ORIGINAL nomes internacionais NOMES LOCO REGIONAIS gene selvagem gene mutante simbolo gen\u00e9tico heran\u00e7a azul azul B b b AR amarelo amarelo Y y y AR p\u00e1lido p\u00e1lido P p pd SLR cinza cinza g G GR AD<\/p>\n","protected":false},"author":1,"featured_media":0,"parent":351,"menu_order":6,"comment_status":"closed","ping_status":"closed","template":"","meta":{"_acf_changed":false,"footnotes":"","_links_to":"","_links_to_target":""},"class_list":["post-799","page","type-page","status-publish","hentry"],"acf":[],"_links":{"self":[{"href":"https:\/\/agasscom.org\/site\/wp-json\/wp\/v2\/pages\/799","targetHints":{"allow":["GET"]}}],"collection":[{"href":"https:\/\/agasscom.org\/site\/wp-json\/wp\/v2\/pages"}],"about":[{"href":"https:\/\/agasscom.org\/site\/wp-json\/wp\/v2\/types\/page"}],"author":[{"embeddable":true,"href":"https:\/\/agasscom.org\/site\/wp-json\/wp\/v2\/users\/1"}],"replies":[{"embeddable":true,"href":"https:\/\/agasscom.org\/site\/wp-json\/wp\/v2\/comments?post=799"}],"version-history":[{"count":1,"href":"https:\/\/agasscom.org\/site\/wp-json\/wp\/v2\/pages\/799\/revisions"}],"predecessor-version":[{"id":800,"href":"https:\/\/agasscom.org\/site\/wp-json\/wp\/v2\/pages\/799\/revisions\/800"}],"up":[{"embeddable":true,"href":"https:\/\/agasscom.org\/site\/wp-json\/wp\/v2\/pages\/351"}],"wp:attachment":[{"href":"https:\/\/agasscom.org\/site\/wp-json\/wp\/v2\/media?parent=799"}],"curies":[{"name":"wp","href":"https:\/\/api.w.org\/{rel}","templated":true}]}}